= -5. Suppose 4*q - 25 = -m. Let l(h) = -h**3 + 7*h**2 + 2*h - 6. What is the remainder when l(7) is divided by q?
3
Suppose 2*y - y = 4. Suppose -y*k - 36 = 4*b, k = 3*b - k + 47. Let d = 44 + b. What is the remainder when d is divided by 16?
15
Suppose h = -3*o + 7*o - 106, -5*h - 98 = -4*o. Suppose 4*s + 4*r = o + 33, -3*s + 39 = r. What is the remainder when s is divided by 7?
5
Let g = -22 + 42. Suppose -3*r + g = -7. What is the remainder when 25 is divided by r?
7
Calculate the remainder when 97 is divided by (-1 - 0 - -26)*1.
22
Suppose 55 = 4*t - 1. Let w = -4 + 2. Calculate the remainder when t is divided by 6 - (-1 - 0 - w).
4
Let t(r) be the second derivative of -27*r**3/2 - r**2/2 + 4*r. Let i be t(1). Let a = i + 116. Calculate the remainder when a is divided by 18.
16
Let o = 69 + -54. Calculate the remainder when o is divided by 8.
7
Let p = -16 + 19. What is the remainder when 6 is divided by p?
0
Let l(b) = -25*b + 1. Let f(k) = k**3 - 12*k**2 + 25*k - 24. What is the remainder when l(-3) is divided by f(10)?
24
Let r(q) = q**3 - 4*q - q + 10 - 4*q - 7*q**2. Let a be r(8). Suppose 0 = 4*v - d - 85, -2*v = -0*v + a*d - 50. Calculate the remainder when 43 is divided by v.
21
Suppose 0 = 2*z + 10 + 8. Let o = 16 - z. What is the remainder when o is divided by 13?
12
What is the remainder when 15 is divided by 27/(3 + 0)*1?
6
Suppose 1 = -2*s - o - 4*o, -75 = -5*s + 3*o. What is the remainder when 24 - (-6 - -3)/(-1) is divided by s?
9
Calculate the remainder when 1/(-6) - (-4 - (-75)/(-18)) is divided by 5.
3
Suppose 0 = -3*y - 0*f - 3*f - 24, 16 = -4*y + 4*f. Let b(k) = -k + 4. Let p(v) = 2*v + 4. Calculate the remainder when p(7) is divided by b(y).
8
Calculate the remainder when -3 + (2 + -2 - -32) is divided by (-4)/((-1)/5*2).
9
Suppose 0 = 4*t + 3 - 59. What is the remainder when 26 is divided by t?
12
Let w(u) = 2*u - 3. Suppose 3*o = 7*o - 8. What is the remainder when w(o) is divided by 30/(-80)*-4 + 2/(-4)?
0
Suppose 0 = 3*v + 15, 2*x - 5*v - 8 = 73. Let f = x + -14. Let h(r) = 3*r**2 - 4*r - 7. Calculate the remainder when f is divided by h(3).
6
What is the remainder when 121 is divided by (-2 + 1)*-2 + 29?
28
Let r(b) = -b**2 - 15*b + 10. Let s be r(-10). Suppose -8*w + 3*w + s = 0. Calculate the remainder when 45 is divided by w.
9
Let l = -25 + 70. Let v = 4 - 3. What is the remainder when l is divided by (-1 - -18) + (-1)/v?
13
Let t = 47 + -30. Suppose -5*v + 2 = 2*l, v + 4*v = 2*l - 22. What is the remainder when t is divided by l?
5
Let y = 16 - 16. Suppose y = 2*z - 3*z + 5. Let x(r) = r + 2. What is the remainder when x(5) is divided by z?
2
Calculate the remainder when 2*(-566)/(-8) - (-6)/12 is divided by 36.
34
Suppose 0*l + 4*i + 104 = 2*l, -l + 40 = i. Calculate the remainder when l is divided by 23.
21
Suppose -2*r = 4*v + 6, 0 = -2*r + 3*v + 9 - 1. Calculate the remainder when r is divided by 1.
0
Suppose 9*z - 10*z = -10. What is the remainder when z is divided by 3?
1
Suppose -4*w = -25 - 35. Calculate the remainder when 58 is divided by w.
13
What is the remainder when 88 is divided by 8/(-6)*3 - -17?
10
Suppose 0*b - 3*b + 60 = 0. Suppose 0 = -2*c - 2*c + 304. Suppose 8*y - c = 6*y. What is the remainder when y is divided by b?
18
Let f be (-5)/(-5) + 1*5. Let m(z) = 2*z - 9. Let s(x) = -x**3 + 3*x**2 + x + 1. Calculate the remainder when s(3) is divided by m(f).
1
Suppose 0 = -s - 5*p + 14, -p + 2*p + 58 = 3*s. What is the remainder when 207 is divided by s?
17
Suppose -l - h = -0*l, -5*l + 4 = h. Suppose -4*g + 69 = l. Let z = -61 + 93. Calculate the remainder when z is divided by g.
15
Let n(k) = -k. Let r be n(4). Let i = -45 + 64. Calculate the remainder when i is divided by (-38)/r + 3/6.
9
Let s(d) = 5*d + 21. Calculate the remainder when 54 is divided by s(-2).
10
Calculate the remainder when (-1755)/(-35) - 3/21 is divided by 14.
8
Suppose -4*w + 3*w = 2*c - 18, w = -4*c + 40. What is the remainder when ((-1)/(-3))/((-3)/(-279)) is divided by c?
9
Let s = -10 - -43. Calculate the remainder when 61 is divided by s.
28
Let u be 2 + -1 - 0/(-1). Suppose r = 5*p + 6, 0 = -3*r - 4*p + 2*p + u. Calculate the remainder when (r - 0 - -18) + 2 is divided by 11.
10
Suppose -5*h = -10 - 5. Let t = 11 + -8. What is the remainder when ((-2)/4)/(t/(-24)) is divided by h?
1
Calculate the remainder when 37 is divided by -3*(-1 + 20/(-6)).
11
Let r(d) = 7*d**2 + 5*d - 3. Let w(s) = -3*s**2 - 2*s + 2. Let a(j) = -2*r(j) - 5*w(j). Calculate the remainder when a(3) is divided by 2.
1
Let d(v) = -v**3 - 3*v**2 - 6*v - 6. Suppose 3*l - 3 = -24. Let m be d(l). Calculate the remainder when 2/(-10) - m/(-10) is divided by 12.
11
Let i(w) be the second derivative of -w**5/20 + 7*w**4/12 + 2*w**3/3 + 2*w**2 + w. Suppose 0 = -0*r - r + 11. Calculate the remainder when i(7) is divided by r.
10
What is the remainder when 62 is divided by (16/(-6))/((-4)/48)?
30
Let f be -1 + 0/(-1) + 3. Suppose 5*o + f*l = o + 46, -l = 1. What is the remainder when 47 is divided by o?
11
Let u be (-40)/18 - 4/(-18). Let g = u + -3. Let d = 6 + g. Calculate the remainder when 1 is divided by d.
0
Suppose -2*x - 12 = -5*x. What is the remainder when ((-14)/21)/(-2*3/45) is divided by x?
1
Let s(c) = -1 - 2 + 9*c - 2*c. Let n = 2 + 2. What is the remainder when s(2) is divided by n?
3
Let n = -1 + 4. Suppose 0 = -2*b - n + 69. Calculate the remainder when b is divided by 18.
15
Calculate the remainder when (1 - 4) + 3 - -54 is divided by 14.
12
Suppose -5*z - y - 2*y = -20, -5*y - 39 = -2*z. Suppose x = -4*u + z + 15, 5*x - 2*u = 22. What is the remainder when -3 + 19 + -1 + 1 is divided by x?
4
What is the remainder when 5 is divided by 3 + (-1 - -1) - (-31 - -30)?
1
Let n(p) = 3*p + 1. Suppose 0 = 4*y - 3*r - 36, -4*y + y + 38 = -5*r. Calculate the remainder when n(2) is divided by y*((-2)/4 - -1).
1
Suppose -t = 2*t - 84. What is the remainder when t is divided by (6/4)/((-8)/(-80))?
13
Let t(r) be the first derivative of -9/2*r**2 + 1 - 2*r. Calculate the remainder when t(-4) is divided by 12.
10
Let b(z) = -12*z. Suppose 22 + 1 = s. Suppose 0 = 5*l - 4*y + 21, -3*l + 7*y - s = 2*y. What is the remainder when 23 is divided by b(l)?
11
Suppose 0 = -4*i + 2*i - 14. Let v = i + 24. Let y(p) = p + 9. What is the remainder when v is divided by y(0)?
8
Let x(r) = -4*r**3. Let w be x(-1). Suppose c + 8 = -3*t + w*t, 0 = 5*t - 2*c - 55. Calculate the remainder when 50 is divided by t.
11
Let v be ((-201)/(-12))/(3/12). Let o = 108 - v. Calculate the remainder when o is divided by 14.
13
Suppose -2*a - 8 = -30. Let g(v) = v**2 - 8*v + 12. What is the remainder when g(a) is divided by 16?
13
Suppose -5*u = 3*h - 145, -2*u - 3*h + 54 = -h. Suppose -4*r + u = q - 17, r = q - 59. Calculate the remainder when q is divided by 12.
9
Let j be 1 + 4*1/2. Suppose -j*s + s = -28. Let f = 0 - -5. What is the remainder when s is divided by f?
4
Let x(o) = 29*o**2 - 2*o - 3. What is the remainder when x(-1) is divided by 10?
8
Let t = 10 + 22. What is the remainder when t is divided by ((-9)/(-36))/(2/136)?
15
Suppose 0 = 2*z - 3*z + w + 9, -11 = z + 4*w. Suppose 0*c - 136 = -z*q - c, -4*q = -5*c - 132. Let h = -4 + 14. Calculate the remainder when q is divided by h.
8
Let z = 0 - -1. What is the remainder when z is divided by ((-17)/(-34))/(2/4)?
0
Let k = -20 + 25. Calculate the remainder when 21 is divided by k.
1
Suppose 3*j - 42 = -y + 11, -j - 134 = -2*y. Calculate the remainder when y is divided by 17.
14
Let y(b) = b - 22. Let u be y(12). Let k = 0 + -6. Let f = k - u. What is the remainder when 13 is divided by f?
1
Let k = 29 - 14. Let t be 1*2*k/(-10). Calculate the remainder when -4*4/6*t is divided by 5.
3
Suppose -4*v = -3*o - 189, -3*v + 7*o - 2*o = -150. What is the remainder when v is divided by 16?
13
Let w(d) = 5*d - 5. Let z(i) = 0*i**2 - 4 + i**2 + i**2 - 5*i. What is the remainder when w(4) is divided by z(4)?
7
Let x be 68 - (4/(-4) - 0). Let i = x - 26. Calculate the remainder when i is divided by (66/4)/(6/8).
21
Let v = 1 + 2. Suppose 5*h - 29 = v*h - 5*l, 3*h + l - 24 = 0. Calculate the remainder when 13 is divided by h.
6
Suppose -z = p - 35, p - 2*p = -5*z - 29. What is the remainder when p is divided by 12?
10
Let a = 35 